{"id":53,"date":"2026-01-19T21:07:08","date_gmt":"2026-01-19T20:07:08","guid":{"rendered":"https:\/\/ensemble-vivons-sussargues.fr\/?page_id=53"},"modified":"2026-01-25T17:12:23","modified_gmt":"2026-01-25T16:12:23","slug":"notre-equipe","status":"publish","type":"page","link":"https:\/\/ensemble-vivons-sussargues.fr\/index.php\/notre-equipe\/","title":{"rendered":"Notre \u00e9quipe"},"content":{"rendered":"\n<p><strong><mark style=\"background-color:rgba(0, 0, 0, 0)\" class=\"has-inline-color has-medium-orange-color\">Et voici la belle \u00e9quipe d&rsquo;Ensemble Vivons Sussargues !<\/mark><\/strong><\/p>\n\n\n\n<p>La liste rassemble des femmes et des hommes investis, dont de nombreux \u00e9lus de la majorit\u00e9 actuelle, exp\u00e9riment\u00e9s et d\u00e9sireux de poursuivre le travail engag\u00e9 au service de la commune. Elle est \u00e9galement enrichie par de nouveaux colistiers, motiv\u00e9s et pleinement impliqu\u00e9s, apportant un regard neuf et une volont\u00e9 forte de s\u2019engager dans la vie municipale.<\/p>\n\n\n\n<figure class=\"wp-block-image size-large\"><img loading=\"lazy\" decoding=\"async\" width=\"1024\" height=\"482\" src=\"https:\/\/ensemble-vivons-sussargues.fr\/wp-content\/uploads\/2026\/01\/Groupe-complet-1-Recadre-1024x482.jpg\" alt=\"\" class=\"wp-image-84\" srcset=\"https:\/\/ensemble-vivons-sussargues.fr\/wp-content\/uploads\/2026\/01\/Groupe-complet-1-Recadre-1024x482.jpg 1024w, https:\/\/ensemble-vivons-sussargues.fr\/wp-content\/uploads\/2026\/01\/Groupe-complet-1-Recadre-300x141.jpg 300w, https:\/\/ensemble-vivons-sussargues.fr\/wp-content\/uploads\/2026\/01\/Groupe-complet-1-Recadre-768x361.jpg 768w, https:\/\/ensemble-vivons-sussargues.fr\/wp-content\/uploads\/2026\/01\/Groupe-complet-1-Recadre.jpg 1500w\" sizes=\"auto, (max-width: 1024px) 100vw, 1024px\" \/><\/figure>\n\n\n\n<p><a href=\"https:\/\/ensemble-vivons-sussargues.fr\/wp-content\/uploads\/2026\/01\/Presentation-equipe-okWEB.pdf\">T\u00e9l\u00e9chargez ICI le document de pr\u00e9sentation des 25 colistiers !<\/a><\/p>\n\n\n\n<p><\/p>\n","protected":false},"excerpt":{"rendered":"<p>Et voici la belle \u00e9quipe d&rsquo;Ensemble Vivons Sussargues ! La liste rassemble des femmes et des hommes investis, dont de nombreux \u00e9lus de la majorit\u00e9 actuelle, exp\u00e9riment\u00e9s et d\u00e9sireux de poursuivre le travail engag\u00e9 au service de la commune. Elle est \u00e9galement enrichie par de nouveaux colistiers, motiv\u00e9s et pleinement impliqu\u00e9s, apportant un regard neuf &hellip; <a href=\"https:\/\/ensemble-vivons-sussargues.fr\/index.php\/notre-equipe\/\" class=\"more-link\">Continuer la lecture de <span class=\"screen-reader-text\">Notre \u00e9quipe<\/span> <span class=\"meta-nav\">&rarr;<\/span><\/a><\/p>\n","protected":false},"author":1,"featured_media":0,"parent":0,"menu_order":0,"comment_status":"closed","ping_status":"closed","template":"","meta":{"_themeisle_gutenberg_block_has_review":false,"footnotes":""},"class_list":["post-53","page","type-page","status-publish","hentry"],"_links":{"self":[{"href":"https:\/\/ensemble-vivons-sussargues.fr\/index.php\/wp-json\/wp\/v2\/pages\/53","targetHints":{"allow":["GET"]}}],"collection":[{"href":"https:\/\/ensemble-vivons-sussargues.fr\/index.php\/wp-json\/wp\/v2\/pages"}],"about":[{"href":"https:\/\/ensemble-vivons-sussargues.fr\/index.php\/wp-json\/wp\/v2\/types\/page"}],"author":[{"embeddable":true,"href":"https:\/\/ensemble-vivons-sussargues.fr\/index.php\/wp-json\/wp\/v2\/users\/1"}],"replies":[{"embeddable":true,"href":"https:\/\/ensemble-vivons-sussargues.fr\/index.php\/wp-json\/wp\/v2\/comments?post=53"}],"version-history":[{"count":6,"href":"https:\/\/ensemble-vivons-sussargues.fr\/index.php\/wp-json\/wp\/v2\/pages\/53\/revisions"}],"predecessor-version":[{"id":100,"href":"https:\/\/ensemble-vivons-sussargues.fr\/index.php\/wp-json\/wp\/v2\/pages\/53\/revisions\/100"}],"wp:attachment":[{"href":"https:\/\/ensemble-vivons-sussargues.fr\/index.php\/wp-json\/wp\/v2\/media?parent=53"}],"curies":[{"name":"wp","href":"https:\/\/api.w.org\/{rel}","templated":true}]}}